t 34 (base 9) to base 8.
37
Convert 1000111 (base 3) to base 11.
615
What is 5160 (base 8) in base 9?
3588
What is -3204 (base 6) in base 2?
-1011010100
What is 11806 (base 11) in base 7?
100256
-4448 (base 11) to base 10
-5860
4271 (base 11) to base 15
1a14
What is -2432240 (base 5) in base 14?
-12a5b
What is 17527 (base 9) in base 12?
6bba
-39b (base 12) to base 16
-227
What is -3425 (base 11) in base 12?
-2734
What is 4214 (base 5) in base 11?
469
What is -1544 (base 11) in base 5?
-30414
143a (base 11) to base 12
10aa
What is -11010011 (base 2) in base 6?
-551
Convert -2404 (base 8) to base 10.
-1284
-211020 (base 3) to base 2
-1001011000
Convert -37a6 (base 14) to base 12.
-5786
Convert -41c (base 15) to base 11.
-773
Convert 137 (base 11) to base 12.
115
What is -770 (base 10) in base 15?
-365
41411 (base 5) to base 8
5253
What is 1068 (base 15) in base 6?
24025
-1320 (base 6) to base 9
-413
Convert 300235 (base 7) to base 13.
1a011
11222 (base 3) to base 2
10000110
What is 102211122 (base 3) in base 8?
20666
Convert 151315 (base 8) to base 2.
1101001011001101
-1bd (base 14) to base 9
-443
What is 6256 (base 9) in base 2?
1000111101011
Convert -12743 (base 9) to base 15.
-2850
-3959 (base 13) to base 9
-12205
Convert -1130 (base 4) to base 7.
-161
What is -51552 (base 6) in base 4?
-1223330
What is -532 (base 7) in base 10?
-268
What is -20651 (base 9) in base 15?
-40a4
Convert 30204 (base 5) to base 9.
2573
20cd (base 16) to base 2
10000011001101
-532 (base 10) to base 9
-651
-1001010121 (base 3) to base 8
-50035
Convert 10011010111000 (base 2) to base 3.
111121010
What is -10311013 (base 4) in base 16?
-4d47
Convert 13220 (base 6) to base 2.
11111101100
ab2 (base 13) to base 2
11100101011
-22101010 (base 3) to base 14
-2321
11220 (base 9) to base 8
16456
-43231 (base 10) to base 2
-1010100011011111
2032 (base 6) to base 12
318
-48526 (base 10) to base 6
-1012354
What is 13734 (base 12) in base 5?
1330333
What is 1102323 (base 4) in base 12?
30a3
What is 33135 (base 6) in base 7?
16253
What is b96 (base 12) in base 4?
122202
434 (base 6) to base 8
246
What is 1612 (base 8) in base 15?
406
Convert 28c (base 16) to base 6.
3004
What is -11010111 (base 2) in base 11?
-186
What is -2d2 (base 15) in base 5?
-10042
-6730 (base 14) to base 10
-17878
What is -392 (base 11) in base 4?
-13100
Convert 131454 (base 6) to base 11.
9072
30044 (base 7) to base 2
1110001000011
-11021 (base 5) to base 14
-3c5
What is 102110 (base 3) in base 11?
261
-33102 (base 4) to base 9
-1306
What is 341211 (base 5) in base 10?
12056
Convert 116 (base 14) to base 2.
11011000
-6cc (base 13) to base 6
-5250
Convert -1231102 (base 4) to base 8.
-15522
What is -1ca3 (base 15) in base 11?
-4752
What is -23771 (base 10) in base 9?
-35542
What is 110212 (base 4) in base 6?
10034
What is 7731 (base 12) in base 11?
9967
43242 (base 6) to base 8
13452
c6 (base 14) to base 4
2232
Convert 21660 (base 10) to base 2.
101010010011100
What is -1ca (base 13) in base 6?
-1315
Convert -54410 (base 6) to base 9.
-11246
-1712 (base 9) to base 16
-51b
What is 75050 (base 10) in base 16?
1252a
What is -17a2 (base 14) in base 15?
-13dd
Convert 39c (base 15) to base 12.
586
What is -100100001 (base 2) in base 16?
-121
What is -22626 (base 7) in base 4?
-1122222
What is -11101010100 (base 2) in base 9?
-2514
What is -1711 (base 15) in base 11?
-3805
Convert -22422 (base 7) to base 9.
-7733
What is -5218 (base 12) in base 5?
-241243
Convert -1101110000010100 (base 2) to base 11.
-39369
What is -232111 (base 4) in base 7?
-11434
23310312 (base 4) to base 5
3022223
Convert -2117 (base 9) to base 5.
-22210
Convert 111101100 (base 2) to base 11.
408
Convert -9b4 (base 15) to base 9.
-3007
-26268 (base 9) to base 7
-102443
15049 (base 10) to base 6
153401
Convert 18627 (base 10) to base 9.
27486
What is 101001220 (base 3) in base 7?
30255
What is -116 (base 8) in base 4?
-1032
Convert 31220 (base 4) to base 5.
11442
1204 (base 6) to base 4
10210
-516a (base 15) to base 2
-100001100110000
656 (base 13) to base 8
2075
What is 76c (base 14) in base 16?
5bc
What is 30873 (base 11) in base 9?
67617
-1057 (base 16) to base 13
-1b9a
What is -21122220 (base 3) in base 14?
-2070
What is 3c9a (base 14) in base 2?
10100111100000
Convert -21b (base 16) to base 5.
-4124
What is 48 (base 12) in base 2?
111000
What is 4031 (base 7) in base 8?
2562
Convert -47bc (base 13) to base 4.
-2132032
1033243 (base 5) to base 15
54b8
-11211000 (base 3) to base 6
-24130
Convert 384 (base 14) to base 8.
1300
What is -1010111 (base 2) in base 11?
-7a
-120100 (base 3) to base 12
-2a6
1699 (base 12) to base 2
101010010101
8a5 (base 13) to base 6
10515
Convert -2128 (base 9) to base 14.
-7db
Convert -5b8 (base 15) to base 2.
-10100010010
What is 3b07 (base 14) in base 7?
42210
Convert -27153 (base 9) to base 16.
-47b2
1d1 (base 14) to base 11
315
What is 40240 (base 6) in base 16?
14a0
-23a8 (base 15) to base 6
-55035
1bc1 (base 15) to base 4
1132033
What is 2089 (base 12) in base 2?
110111101001
What is 31 (base 6) in base 4?
103
What is -2065 (base 14) in base 3?
-21122120
What is -12112002 (base 4) in base 10?
-25986
What is -2b4 (base 12) in base 7?
-1144
-49931 (base 10) to base 5
-3044211
Convert -1a96 (base 13) to base 14.
-1666
What is 11010 (base 4) in base 7?
642
1031 (base 5) to base 15
96
What is 350 (base 7) in base 13?
110
What is 115445 (base 7) in base 14?
79cc
What is 133025 (base 7) in base 8?
60742
-aac9 (base 15) to base 4
-20311131
What is -1408 (base 10) in base 5?
-21113
-9ab (base 16) to base 4
-212223
-2051 (base 10) to base 12
-122b
312 (base 13) to base 2
1000001010
Convert 24c7 (base 13) to base 7.
21154
10110101111101 (base 2) to base 5
333040
Convert 182 (base 10) to base 12.
132
7540 (base 12) to base 3
122122110
What is 18c5 (base 13) in base 2?
111001111110
Convert -b205 (base 13) to base 5.
-1241020
1030221 (base 5) to base 7
102125
What is 111111111001000 (base 2) in base 15?
9a5c
What is -106c (base 15) in base 2?
-110110010101
What is 3a74 (base 15) in base 3?
122010101
106337 (base 8) to base 16
8cdf
Convert -120100 (base 6) to base 16.
-28a4
Convert -420 (base 15) to base 9.
-1243
What is 1001001110000 (base 2) in base 16?
1270
13144 (base 9) to base 16
22a5
Convert a056 (base 11) to base 6.
141523
Convert 36528 (base 9) to base 11.
17442
-13 (base 16) to base 5
-34
-110122120 (base 3) to base 9
-13576
Convert 31400 (base 5) to base 13.
c57
What is -41343 (base 6) in base 14?
-2035
What is 101101011 (base 2) in base 16?
16b
What is -2402 (base 5) in base 4?
-11200
-7359 (base 14) to base 3
-1000021010
What is -7854 (base 9) in base 10?
-5800
Convert 714 (base 11) to base 9.
1157
What is 512 (base 9) in base 12?
2a8
Convert -818 (base 9) to base 10.
-665
Convert 7064 (base 12) to base 4.
2332030
Convert -31642 (base 7) to base 6.
-100234
-11012232 (base 4) to base 7
-114651
a1 (base 16) to base 2
10100001
What is 2001022 (base 3) in base 15?
698
10101100000 (base 2) to base 6
10212
What is -23310 (base 6) in base 16?
-d1a
What is 13311133 (base 4) in base 3?
1122000201
Convert -66142 (base 9) to base 15.
-cede
-12565 (base 8) to base 11
-4144
Convert -837b (base 13) to base 3.
-220221112
Convert 113434 (base 5) to base 14.
1792
What is 2461 (base 11) in base 3?
11102000
What is -1668 (base 9) in base 12?
-8a5
What is 455060 (base 7) in base 14?
21730
575 (base 16) to base 10
1397
What is -202000000 (base 3) in base 6?
-151300
Convert -10123 (base 5) to base 14.
-355
What is 7c2 (base 14) in base 3?
2010010
10113 (base 5) to base 12
46a
Convert 2404 (base 5) to base 4.
11202
78 (base 14) to base 8
152
Convert -1048 (base 12) to base 3.
-2110002
Convert -20021000 (base 3) to base 16.
-11d3
Convert -148 (base 10) to base 11.
-125
What is -92a7 (base 16) in base 9?
-56444
Convert 1b35c (base 13) to base 10.
53312
-100230 (base 4) to base 5
-13233
-12204 (base 5) to base 13
-566
Convert -2153 (base 10) to base 14.
-adb
What is 2168 (base 9) in base 8?
3101
What is -1133 (base 5) in base 11?
-143
What is 1110000111 (base 2) in base 12?
633
40301 (base 6) to base 10
5293
What is -595 (base 10) in base 3?
-211001
-100a (base 15) to base 6
-23401
-515510 (base 6) to base 5
-2311232
-533203 (base